2 + 11*h - 13. Let r be b(-4). Let m(q) = 12*q - 19*q - 1 + r*q**2 + 5*q. Calculate m(-1).
8
Let t be 26/39 - 146/(-6). Suppose -3*p + 3*j + 9 = -0*j, 5*p = -5*j + t. Let x(n) = 5*n**2 + 2*n + n**3 - 1 - p - n. Calculate x(-4).
7
Let s(k) = -10*k + 173. Let v be s(17). Let c(l) = 232 - l + 231 + 223 - 675 + l**v. Determine c(0).
11
Let p(z) = -8 - 1126*z**2 - 21*z + 1128*z**2 + 18*z. What is p(5)?
27
Suppose -23*c = -8*c - 945. Let f = 57 - c. Let x(k) = -k**2 - 7*k + 3. What is x(f)?
9
Suppose w - 4 = 2*h, -2*w - 4*h = -5*w + 12. Suppose -w = -u - 2*r, -2*r + 5*r = -4*u + 21. Let d(o) = -7 + u + o + 4. Give d(-3).
0
Let r = 0 - 8. Let j(q) be the first derivative of -q**2 - 12*q + 312. Give j(r).
4
Let c be 16/6 + (-17)/(-15) + (-100)/125. Let n(z) be the first derivative of -1/4*z**4 - c*z + 1/3*z**3 + 0*z**2 - 20. Calculate n(3).
-21
Let l(r) be the second derivative of -16 + 3*r + 1/2*r**3 - 1/2*r**2. Give l(-7).
-22
Let a(z) = -3*z - 34. Let w be a(-11). Let j(n) = -5*n**2 + 14*n - 12. Let o(t) = t**2 - 2*t + 1. Let i(k) = w*j(k) - 6*o(k). Determine i(4).
-18
Let u(i) = 4*i**2 - 9*i + 5. Let z(m) = m**2 - 7*m - 57. Let p be z(12). Determine u(p).
14
Let g(z) = 6*z + 13. Suppose 0 = -4*x + 5*n - 9, 21 = -3*x - 2*n + n. Let l(w) = -11*w - 28. Let o(m) = x*l(m) - 13*g(m). Determine o(-1).
11
Let q(r) = -10*r**2 + 138*r + 29. Let g be q(14). Suppose -v = v. Let l(h) = 3*h - 11*h + 4*h**2 + 7*h + v*h. What is l(g)?
3
Let k(j) = -33*j + 32 - 17 + 1 + 32*j. Let c(m) be the second derivative of -m**4/12 - 3*m**3/2 - 5*m**2/2 - m. Let r be c(-7). Determine k(r).
7
Let o(p) = -7*p**2 + p + 1. Suppose -5*t + 103 = -122. Suppose -t = -4*i - x - 0*x, 21 = 2*i + x. Suppose -9*w = -3 + i. Give o(w).
-7
Let b be 48/264 + (-24)/11. Let z be ((-2)/b)/((-18)/162). Let w(v) = -v. Calculate w(z).
9
Let w(c) = 2*c**2 - 17*c - 8. Let d be w(8). Let v be -3 + -1 - 1*d/(-8). Let m(s) = s**2 + 12*s - 4. Give m(v).
-40
Let f(v) = -94 - 1365*v - 1370*v - 1347*v + 4049*v. What is f(-3)?
5
Let y(v) be the third derivative of 1/8*v**4 + 7/3*v**3 - 4*v + 2*v**2 + 0. Determine y(-11).
-19
Let r(o) = 4*o - 23. Let b = 5559 + -5548. Calculate r(b).
21
Suppose -t + 0 - 22 = 0. Let y be 46/11 - t/(-121). Suppose g + 4*p + 11 + 11 = 0, -8 = 4*g - y*p. Let u(x) = -x - 9. Give u(g).
-3
Let a(j) = 10*j - 6. Suppose -52108*z - 42 = -52114*z. Give a(z).
64
Suppose 0 = -2*l, -d + 15*l = 13*l - 16. Let y(w) be the first derivative of 2*w + d - 1/3*w**3 - 1/2*w**2. What is y(-3)?
-4
Suppose 0*p + d - 1 = -3*p, -2*d - 12 = -p. Let l(c) = 0*c**2 - 4*c - p - 6*c**2 + 3 + 5*c**2. Suppose 4*g = k - 18, 6*k - 10 = k. Calculate l(g).
1
Let u(x) be the first derivative of x**3/3 + 8*x**2 + 23*x - 4267. Determine u(0).
23
Suppose -7*i + 2*i = -30. Let f be 1/(-2)*(-4 + -2). Let s(r) = i - 7 + 2*r**2 - 3*r**f + 4*r**3 + 0. Calculate s(-1).
0
Let r(v) be the third derivative of 0*v**4 + v**2 + 41 + 1/6*v**3 - 1/120*v**6 + 0*v - 1/15*v**5. Calculate r(-3).
-8
Let s(q) = 3*q**3 + 50*q**2 - 62*q - 67. Let a(m) = m**3 + 4*m**2 - 3. Let r(x) = 4*a(x) - s(x). Give r(32).
-9
Let p(v) = -27*v**3 + 13*v - 15*v - 13*v**2 + 4*v**2 - 1 + 28*v**3 - 14. Give p(7).
-127
Let y(t) = -1545*t**3 + 1549*t**3 - t - 2 + 3. Let z be 8/(-20) - (-14)/10. Suppose 3*v - 9 + z = f, 2*v - 6 = 0. What is y(f)?
4
Let j = 230 + -230. Let d(u) = -1 + 470*u**3 + j - 447*u**3. What is d(1)?
22
Let z(l) = -3*l**3 + 3*l**2 - 2*l - 1. Let r(o) = -o**2 + 16*o + 125. Let v be r(-5). Let g be 32/v + (-16)/(-40). Calculate z(g).
-17
Let v = 8 - -10. Let m(c) = -c**3 + 5*c**2 + c - 5. Let a be m(4). Let u(s) = -19 + 43 - v - s**2 - a + 9*s. What is u(7)?
5
Let t = 11/75 + -21/200. Let c(x) be the third derivative of 0 + t*x**4 + 0*x - 34*x**2 + x**3. Determine c(-6).
0
Let m(n) be the first derivative of -n**4/4 + n**3/3 - 3*n**2/2 - 49*n + 5360. What is m(0)?
-49
Let q(f) = -f**3 - 4*f**2 + 13*f + 1. Let c be (-1)/(-8) + (-294)/48. Let o be q(c). Let d(n) = 8*n + 7. What is d(o)?
-33
Let s(r) = 10145 - 10143 - 2*r**2 + 4*r - 9*r. What is s(-5)?
-23
Let q(i) = 3519 + 3444 - 7044 - 7*i. Calculate q(-20).
59
Let r(g) = -2*g**3 + 2*g**2 - 1. Suppose 5*j = -40 + 570. Let i(n) = -n**3 + n**2 - 107. Let l be i(0). Let p = l + j. Determine r(p).
3
Let w(u) be the first derivative of u**4/4 + 8*u**3/3 + 3*u**2/2 + 16*u - 77. Calculate w(-8).
-8
Let n(y) = y + 4. Suppose -4*h + 192 = -m, h - 3*h + 90 = -2*m. Let f(u) = 3*u + 16. Let t be f(12). Let j = h - t. Determine n(j).
1
Suppose -5*m - 4*r + 7505 = 0, 3*r - 1595 = -m - 83. Let s(a) = -753*a - a**3 - 751*a + m*a + 6*a**2. Calculate s(5).
-10
Suppose 192*m = 210*m + 10188. Let j = m - -553. Let o(c) = -c - 9. Determine o(j).
4
Let t(p) be the second derivative of p**5/20 - 7*p**4/12 + p**3/3 - 7*p**2/2 + 2*p - 8. Suppose -14 = -6*x + 28. Give t(x).
7
Let q(s) = -s**3 - s**2 + s + 2. Suppose 0 = a + 6*a - 14. Suppose 15*b - a*b = -2*b. Give q(b).
2
Suppose -668 + 584 = 21*b. Let u(x) = x**2 - 5*x - 1 - 2*x**2 + x - 2*x**2. Calculate u(b).
-33
Let d(z) = -5*z + 10. Let r = 264 + -252. Suppose -r*w + 7*w + 40 = 0. What is d(w)?
-30
Let t(u) = 12*u**2 + 2*u**3 - 5*u**2 - u**3. Let s(g) = g**3 + 22*g**2 + 13*g + 62. Let z be s(-18). Let a = 1117 - z. What is t(a)?
0
Let h(c) be the second derivative of -43*c**4/6 + c**3/6 - c**2/2 + 6152*c. What is h(1)?
-86
Suppose 15*g - 14*g - 18 = 0. Suppose 0 = l - 5*z + 39, 3*l + 5*z - g = -195. Let k = l - -49. Let i(c) = c - 2. Determine i(k).
-7
Suppose -23 = -3*f - 4*w, -2*f = 4*w - 22 + 4. Let c(z) = 2*z**3 - 6*z**2 - 6*z - 1. Determine c(f).
69
Let j(m) = -16*m**2 - m. Let u(i) = -29*i - 29. Let q be u(-1). Let l be (9/6)/(3/8). Suppose g - t + 4 = q, -l*t + 0*t = 2*g - 10. What is j(g)?
-15
Let c(f) = -f**2 + 47*f - 167. Let b be c(4). Let u(h) be the first derivative of -2/3*h**3 + 5/2*h**2 + 5*h - 3. Calculate u(b).
-20
Let l(d) = -d**2 + 22*d - 40. Let n be 2/(-49) - (-46920)/6664. What is l(n)?
65
Let n(m) = 6. Let k = -28 - -33. Let v(u) = -u + 13. Let y(p) = k*n(p) - 2*v(p). What is y(-4)?
-4
Let a(s) be the third derivative of -s**6/120 + 2*s**5/15 + s**4/24 - s**3/6 + 2*s**2. Suppose 3*v + 4*n - 20 = 0, 15*n - 42 = -5*v + 17*n. What is a(v)?
7
Let n(l) = l**3 + 3*l**2 - 7*l - 12. Let r be n(-3). Let s(c) = -c**3 + 4*c - 5*c**2 - 29*c + 19*c - r. Give s(-4).
-1
Let f(i) be the first derivative of i**3/3 - i**2/2 - 2*i + 525. Give f(-6).
40
Suppose 5*q = 5*g + 20, 3*g - 6*q + 4*q + 10 = 0. Let u be (-13)/g - 1/2. Let r(d) = -3*d + 16. Determine r(u).
-2
Let j(q) = -2*q**2 - 8 + 5 + q**3 + 6 + 7*q**2 + 3*q + 1. Calculate j(-5).
-11
Suppose -4*c = 4*x + 4, -2*x + 7 = -3*c + 9. Let j(z) = -9*z + z - 8 - z - z**2 + 2*z**2 + 8*z. Calculate j(c).
-8
Let a(j) = 11*j**3 - 31*j**2 + 27*j - 1. Let s(u) = -19*u**3 + 60*u**2 - 53*u + 3. Let o(d) = -7*a(d) - 4*s(d). Determine o(-24).
19
Let l(t) = t**3 - 5*t**2 - 3*t + 6. Let x be 1 - 12*((-1)/3)/(11/11). Calculate l(x).
-9
Let w(r) = r - 4*r**2 - 7 + 6 + 0*r + 14*r**2. Calculate w(2).
41
Let i(q) = -5*q**2 + 13 + 7751*q - 7755*q - q**3 - 3*q**2. Give i(-7).
-8
Let v be ((9/27)/((-2)/(-24)))/(10/(-45)). Let l(c) = 4*c + 80. Give l(v).
8
Let d(v) = -11*v**3 - 4*v**2 - 50*v - 3. Let g(b) = 9*b**3 + 4*b**2 + 43*b + 2. Let c(u) = -5*d(u) - 6*g(u). Calculate c(5).
-12
Let a(p) = p**3 + 119*p**2 + 453*p - 16. Let m be a(-4). Let c(x) = -x**3 + 11*x**2 + 4*x + 97. Give c(m).
1
Suppose -5*v - 47 + 21 = 24. Let l(s) = -7*s**2 - 64*s + 60. Determine l(v).
0
Let r be (-12 - -1) + 103 + -108. Let x(z) = 2*z + 21. Let d(t) = 3*t + 32. Let m(s) = -5*d(s) + 7*x(s). Determine m(r).
3
Let k(s) be the third derivative of -s**6/120 + s**5/10 - s**3/3 - 2*s**2. Let u be 1/5*-3*(-32 + -11 + 33). Give k(u).
-2
Let f(d) = 10 - 41*d - 43*d - 2*d**3 + 124*d - d**2 - 46*d. Let c(t) = t**3 + 2*t**2 + 6*t - 10. Let y(v) = 3*c(v) + 2*f(v). What is y(5)?
-5
Let a(i) = 6*i**3 - 34*i**2 - 31*i + 109. Let k be a(6). Let p(f) = -f - 17. Calculate p(k).
-12
Let o(a) = -12 + 7 + 0 + 2*a. Let q be (-37)/(-4) + (-2)/8. Suppose -q = -4*l + 11. What is o(l)?
5
Let j = 9 + -8. Let b(d) = d. Let q(p) = -78 + 23 - 8*p + 27 - p**2 + 23. Let w(u) = j*b(u) + q(u). Determine w(-5).
5
Suppose 61 = 3*h + 79. Let m(i) = 6*i + 34. Let o be m(h). Let f(